nd derivative of 5*c**4/12 - c**3/3 - c**2/2 - 8*c. Let f be n(-1). Is (-2122)/(-3) + (-2)/f composite?
True
Let b = -1230 + 2477. Is b composite?
True
Let n = -11 + 10. Let s be -2*((1 - n) + 0). Is (-1)/(-2) + (-1170)/s a prime number?
True
Suppose 3*d + 3343 = -3*t - 4031, -5*t - 12280 = -5*d. Let r = t + 4150. Is r a composite number?
False
Suppose 3*p - 5 = -2*f, 2*p + 2*f + 1 = 3. Let n = 62 - p. Is n prime?
True
Is 5*(-11497)/(6/(-3) + -3) a composite number?
False
Let n = 26 + -19. Suppose n = 2*y + 5*q + 16, 3*y - 3*q = 18. Suppose 6*k = -5*t + 2*k + 685, y*k = -3*t + 414. Is t a prime number?
False
Suppose 21483 + 135014 = 11*g. Is g a composite number?
True
Suppose u - 36*c - 28177 = -38*c, -5*u + 2*c + 140909 = 0. Is u a composite number?
False
Suppose 4*n - 3*g + 17291 = 101230, -5*g = 25. Is n prime?
True
Suppose 6*m + 51 = 3*m. Let c(w) = w**3 + 22*w**2 - 10*w + 8. Is c(m) a prime number?
False
Let s = 23 - 21. Is (-4)/8 - ((-941)/s - -1) composite?
True
Suppose 0 = -3*a + a + 4. Suppose -a*t - t - 5*o + 14 = 0, 3*t - 11 = -2*o. Suppose 0 = -4*r - n + 633, 3*r + t*n - 7*n - 489 = 0. Is r composite?
True
Suppose -3*t + l + 3 = -13, 0 = -t - 2*l - 4. Suppose 5*k - t*w - 145 = 0, 3*w - 12 = 3. Is k prime?
False
Let q(p) = p**3 + 6*p**2 + 3*p + 3. Let h be q(-6). Let k = -11 - h. Suppose k*g = -g + 1325. Is g a composite number?
True
Suppose -3*b + 4*k = -39, -4*b = 6*k - 5*k - 33. Suppose 1 = v - b. Is v a composite number?
True
Let n = 25832 - 16729. Is n a prime number?
True
Let h be (-3)/(-1)*8/12. Is (-2836)/6*h*(-9)/12 a composite number?
False
Suppose 0 = -4*k - 2*q + 300, k + k - 2*q - 150 = 0. Let m = k + 2584. Is m a prime number?
True
Let b(m) = 2*m + 17. Let k be b(-7). Let t(a) = 4*a - 7. Let l be t(k). Let s(u) = 5*u**2 - 7*u + 3. Is s(l) composite?
True
Let d be 1 - (0 - -3)/3. Let k(s) = 3*s**2 + s**2 - 5 + d*s**2 - 2*s. Is k(5) composite?
True
Let m(a) be the second derivative of a**4/6 + 7*a**3/6 - a**2/2 + 9*a. Is m(-14) a prime number?
True
Suppose 0 = 3*y - 195 - 768. Is y a composite number?
True
Let a(m) = -m + 14. Let h be 3 + -1 - (-12 + 8). Let f be a(h). Let w = 18 + f. Is w prime?
False
Let z be 1486/7 - (-2 + (-48)/(-21)). Suppose 4*o + 4 + 12 = 0. Is z + (-3 - o) + -2 prime?
True
Let p = 14 + -8. Let h(r) = -r**2 + 7*r + 2. Let v be h(p). Let g(i) = 40*i - 13. Is g(v) a composite number?
False
Let c = 79 + -74. Suppose 3477 = c*z + 52. Is z a prime number?
False
Suppose 0 = 11*n + 83367 - 2849438. Is n a composite number?
True
Let l(y) be the second derivative of 7*y**6/120 - y**5/60 + y**4/8 + 11*y**3/6 + 6*y. Let t(p) be the second derivative of l(p). Is t(4) a composite number?
False
Let a = 25228 + -15497. Is a composite?
True
Let x(u) = 34*u**2 + 40*u - 55. Is x(16) a composite number?
True
Let i(a) be the first derivative of -a**3/3 + 3*a**2/2 - a - 8. Let j be i(3). Is j*(-1)/2*38 a prime number?
True
Let o(d) = -d + 7. Let m be o(9). Let f = m + 4. Is f/(-10) + 7464/20 a composite number?
False
Let l(q) = -2 + 4 + 11 + 0 - 48*q. Is l(-14) a prime number?
False
Let d(o) = -o - 12. Let t be d(-14). Suppose 6 + 40 = t*j. Let i = 54 - j. Is i a prime number?
True
Let l be ((-10)/6)/(1/3). Let i(q) = 79*q + 8. Let z(n) = -2*n + 1. Let v(k) = -i(k) + 2*z(k). Is v(l) a composite number?
False
Let m = 1936 - 393. Is m a prime number?
True
Let m(d) = -629*d + 16. Let v(c) = -419*c + 11. Let i(j) = -5*m(j) + 7*v(j). Is i(7) a composite number?
False
Suppose -c + 4830 = -667. Is c a prime number?
False
Suppose 5*j = 8*j - 9. Let w be (-4695 + 2)/(-1) + j. Suppose x + 4*x = 25, 4*n - w = -4*x. Is n a prime number?
False
Is (-246282)/(-8)*144/108 a composite number?
False
Let s(f) = 50*f**2 + 13*f - 118. Is s(13) a composite number?
False
Let k(w) = 6*w**3 - 8*w**2 - 149*w + 34. Is k(15) composite?
False
Is -8 + 7 + -8 + 3380 a prime number?
True
Let f(k) = 1473*k + 20. Is f(7) a composite number?
False
Suppose -4*y + 56 = -0*y - b, -y + b + 11 = 0. Is 10/y*(-3429)/(-6) prime?
False
Suppose -2*k + 15047 = 5*a, 4797 = 3*a - 4*k - 4252. Is a a prime number?
True
Let x(a) = a**2 - 13*a - 5. Let l be x(14). Is l/18*(-1 + 1359) a composite number?
True
Let c(l) be the first derivative of -1/3*l**3 - l**2 + 317*l + 1. Is c(0) a composite number?
False
Suppose -b - 2*b = -15. Suppose -3*n - 12 = -x, -2*x - b*n = -7*x + 80. Let s = 8 + x. Is s a composite number?
True
Let y(c) = -2*c**3 - 2*c**2 + c - 1. Let i be y(-2). Suppose i*w + 23 = -2, g - 310 = -5*w. Is g a prime number?
False
Let l(w) = -5157*w - 28. Is l(-9) a prime number?
False
Suppose 0 = 6*w - 1528 - 2474. Is w composite?
True
Let i = -56976 + 91937. Is i a prime number?
True
Let k = -112 + 306. Let j(m) = 4*m**2 + 2*m + 4. Let g be j(5). Suppose -k = -4*n + g. Is n composite?
True
Let j be -1*3/(-6)*8. Let w be (1 + -3)/(-2)*j. Suppose w*v = -v + 95. Is v a composite number?
False
Suppose 5*n + 1119 = 3924. Suppose i + 4*o = 531, 0*i + n = i - 2*o. Is i a composite number?
True
Let n be (-8 - -8)*(-2 + 1)*1. Is 0 + n + 468 - (-15 - -16) composite?
False
Let c = 4626 - 1589. Is c a prime number?
True
Suppose 5*g = 10*g + 50. Is g/25 - (-6354)/10 composite?
True
Suppose 0 = -4*v - 2*s - 14, -3*v + 3*s = -2*v. Let j(r) = r**2 - r - 1. Let a be j(v). Suppose 0 = -8*k + a*k - 99. Is k prime?
False
Let z be (-5)/4*((-16)/(-4))/1. Let l(h) be the second derivative of -h**5/20 - h**4/4 - h**3 - 3*h**2/2 + h. Is l(z) a composite number?
True
Let q = 28 - 7. Suppose 5*j + q = 96. Is 714/9*j/10 prime?
False
Is 3659*(-3)/(-6)*(0 + 2) a composite number?
False
Let d be (-1)/(1 + 2 + -4). Let s(x) = -2*x + d - 1 + 0 - 4 + 9*x**2. Is s(-7) prime?
False
Suppose 91569 = 2*l + 5*y, -4*y = 5*l - 8*y - 229005. Is l prime?
False
Let w = 130 - 127. Suppose p = -5*y + 3*y + 2639, 1316 = y - w*p. Is y prime?
True
Let p(y) = -63*y**3 - 8*y**2 + 4*y + 57. Is p(-8) a composite number?
False
Let c be 3 + (0 - 1 - -4). Suppose 4*b + 1538 = c*b. Is b a prime number?
True
Let h(n) = 284*n**3 - n**2 + 3*n - 2. Let l be h(1). Suppose l = -4*y + 3472. Is y a prime number?
True
Let g = 5 + -3. Suppose c - 1347 = -3*w, 3*c - g = -11. Suppose 0 = 5*f - 5*v - 570, f - 2*v = 5*f - w. Is f prime?
True
Suppose 49*v - 219139 = 18*v. Is v composite?
False
Let r(t) = 66*t - 113. Is r(16) prime?
False
Suppose -4*k + 18 = -74. Suppose -2*z - x = k, -3*x = 2*x + 15. Is (-616)/(-20) - 2/z composite?
False
Suppose -5*i - 3*d = -1689, 3*i = 2*d - d + 1005. Let s = i - 58. Suppose 2*u + 4*w - 376 = -2*u, 3*u - w = s. Is u a prime number?
False
Suppose -r - 6*r + 53473 = 0. Is r composite?
False
Suppose 5*i + 1345 = -5*k + 8200, -3*i = -15. Let l = -285 + k. Is l prime?
False
Suppose 3*g - 16034 = -4*r, -20*g + 15*g + 26720 = 5*r. Is g prime?
False
Let y(n) = 4*n**2 - n + 4. Suppose -w + 5*w - 40 = 0. Let h = -13 + w. Is y(h) a prime number?
True
Suppose -3*h = 2*h - 80. Suppose 0 = x - 48 - h. Is (1282/8)/(16/x) a prime number?
True
Suppose 0 = 5*c + z - 6307, 2*z + 5054 = 4*c + 7*z. Is c composite?
True
Suppose -6*a + a + p + 7762 = 0, -4*a + 5*p + 6218 = 0. Suppose a = 2*m + 2*m - 3*q, 2*q + 774 = 2*m. Is m a composite number?
True
Let z(m) = m**3 - 2 + 5 - 8*m + 8*m**2 + 9. Let f be z(-9). Is ((-18)/f - 1)*-1 prime?
True
Is 2041380/162 - 1/9 a prime number?
True
Let u(j) be the third derivative of -3*j**6/40 + j**5/20 + j**4/12 + 17*j**3/6 + 4*j**2. Is u(-4) composite?
True
Suppose 5*n - 1228 + 173 = 0. Is n prime?
True
Suppose -28*q + 30771 = v - 26*q, 0 = 5*q + 25. Is v a composite number?
False
Suppose k - 2*k + 2824 = 3*v, -5*k = 3*v - 2840. Let q = v + -432. Suppose q = -d + 5*d. Is d composite?
False
Suppose -10515 = -149*x + 144*x. Is x prime?
False
Suppose -5*w - 1007 = -q, 17*w - 12*w = 4*q - 4028. Is q a composite number?
True
Let b(j) = 34*j**2 - 3. Let s be b(6). Suppose -4*z - 814 = 3*y - 5*y, -5*z = 3*y - s. Suppose 2*f - r = y, 0*f + 1012 = 5*f + 3*r. Is f prime?
False
Is ((-68612)/(-102))/((-4)/(-78)) prime?
False
Let g be (7 + -5)/(-2)*(35 + -1). Is 4/g - (-42674)/34 composite?
True
Let l(c) = 54907*c**2 - 15*c + 15. Is l(1) composite?
False
Suppose 3*u - 6 = 0, -3*u + 52 - 1186 = -5*g. Let q(v) = v**3 - v**2 - v + 5. Let y be q(0). Suppose -p - 5*n = -g, -y*p - 4*n = n - 1040